{"id":716,"date":"2015-05-29T20:27:32","date_gmt":"2015-05-29T20:27:32","guid":{"rendered":"http:\/\/sedimentologia.org.ar\/spa\/?page_id=716"},"modified":"2020-11-23T11:27:17","modified_gmt":"2020-11-23T11:27:17","slug":"bibliografia","status":"publish","type":"page","link":"https:\/\/www.sedimentologia.org.ar\/spa\/atlas-aas\/bibliografia\/","title":{"rendered":"Bibliograf\u00eda"},"content":{"rendered":"<div class=\"fusion-fullwidth fullwidth-box fusion-builder-row-1 hundred-percent-fullwidth non-hundred-percent-height-scrolling\" style=\"--awb-border-radius-top-left:0px;--awb-border-radius-top-right:0px;--awb-border-radius-bottom-right:0px;--awb-border-radius-bottom-left:0px;--awb-overflow:visible;--awb-flex-wrap:wrap;\" ><div class=\"fusion-builder-row fusion-row\"><div class=\"fusion-layout-column fusion_builder_column fusion-builder-column-0 fusion_builder_column_1_1 1_1 fusion-one-full fusion-column-first fusion-column-last fusion-column-no-min-height\" style=\"--awb-bg-size:cover;--awb-margin-bottom:0px;\"><div class=\"fusion-column-wrapper fusion-flex-column-wrapper-legacy\"><div class=\"fusion-blog-shortcode fusion-blog-shortcode-1 fusion-blog-archive fusion-blog-layout-large fusion-blog-no fusion-blog-no-images\"><div class=\"fusion-posts-container fusion-posts-container-no fusion-no-meta-info\" data-pages=\"1\"><article id=\"blog-1-post-700\" class=\"fusion-post-large post-700 post type-post status-publish format-standard hentry category-bibliografia\">\n<div class=\"fusion-post-content post-content\"><div class=\"fusion-post-content-container\"><h1>Estructuras Sedimentarias (General)<\/h1>\n<ul>\n<li>Collinson, J.D. y Thompson, D.B. 1989. Sedimentary structures. Routledge, 207 p.<\/li>\n<li>Collinson, J.D., Thompson, D.B. y Mountney, N. 2006. Sedimentary structures. Terra, 292 p.<\/li>\n<li>Reineck, H.E. y Singh, I.B. 1973. Depositional sedimentary environments: with reference to Terrigenous clastics (1 .ed). Springer, 439 p., Berlin.<\/li>\n<li>Reineck, H.E. y Singh, I.B. 1980. Depositional sedimentary environments: with reference to Terrigenous clastics (2 .ed). Springer, 551 p., Berlin.<\/li>\n<li>Foro de estructuras sedimentarias (requiere registrarse).<\/li>\n<\/ul>\n<p><div class=\"fusion-fullwidth fullwidth-box fusion-builder-row-1-1 hundred-percent-fullwidth non-hundred-percent-height-scrolling\" style=\"--awb-border-radius-top-left:0px;--awb-border-radius-top-right:0px;--awb-border-radius-bottom-right:0px;--awb-border-radius-bottom-left:0px;--awb-overflow:visible;--awb-margin-top:20px;--awb-margin-bottom:0px;--awb-background-color:rgba(255,255,255,0);--awb-flex-wrap:wrap;\" ><div class=\"fusion-builder-row fusion-row\"><div class=\"fusion-layout-column fusion_builder_column fusion-builder-column-1 fusion_builder_column_1_1 1_1 fusion-one-full fusion-column-first fusion-column-last fusion-column-no-min-height\" style=\"--awb-bg-size:cover;--awb-margin-bottom:0px;\"><div class=\"fusion-column-wrapper fusion-flex-column-wrapper-legacy\"><div class=\"fusion-sep-clear\"><\/div><div class=\"fusion-separator fusion-full-width-sep\" style=\"margin-left: auto;margin-right: auto;width:100%;\"><\/div><div class=\"fusion-sep-clear\"><\/div>\n<h2>Estructuras en evaporitas<\/h2>\n<ul>\n<li>Tucker, M.E. y Wright, V.P. 1990. Carbonate sedimentology. Wiley-Blackwell, 482 p. Amsterdam.<\/li>\n<li>Warren, J.K. 2006. Evaporites: sediments, resources and hydrocarbons. Springer, 1035 p. Berlin Heidelberg.<\/li>\n<\/ul>\n<div class=\"fusion-clearfix\"><\/div><\/div><\/div><\/div><\/div><div class=\"fusion-fullwidth fullwidth-box fusion-builder-row-1-2 hundred-percent-fullwidth non-hundred-percent-height-scrolling\" style=\"--awb-border-radius-top-left:0px;--awb-border-radius-top-right:0px;--awb-border-radius-bottom-right:0px;--awb-border-radius-bottom-left:0px;--awb-overflow:visible;--awb-margin-top:20px;--awb-margin-bottom:0px;--awb-background-color:rgba(255,255,255,0);--awb-flex-wrap:wrap;\" ><div class=\"fusion-builder-row fusion-row\"><div class=\"fusion-layout-column fusion_builder_column fusion-builder-column-2 fusion_builder_column_1_1 1_1 fusion-one-full fusion-column-first fusion-column-last fusion-column-no-min-height\" style=\"--awb-bg-size:cover;--awb-margin-bottom:0px;\"><div class=\"fusion-column-wrapper fusion-flex-column-wrapper-legacy\"><div class=\"fusion-sep-clear\"><\/div><div class=\"fusion-separator fusion-full-width-sep\" style=\"margin-left: auto;margin-right: auto;width:100%;\"><\/div><div class=\"fusion-sep-clear\"><\/div>\n<h2>\u00a0Estructuras biog\u00e9nicas<\/h2>\n<ul>\n<li>Buatois, L.A., M\u00e1ngano, M.G., Ace\u00f1olaza, F.G. 2002. Trazas f\u00f3siles: se\u00f1ales de comportamiento en el registro estratigr\u00e1fico. Museo Paleontol\u00f3gico Egidio Feruglio, 382 p., Trelew.<\/li>\n<li>Bromley, R.G. 1996. Trace fossils: biology, taphonomy and applications. Routledge, 361 p.<\/li>\n<li>McIlroy, D. 2004. The application of ichnology to palaeoenvironmental and stratigraphic analysis. Geological Society, 490 p., London<\/li>\n<li>Miller, W.C. 2007. Trace fossils: concepts, problems, prospects. Elsevier, 611 p., Amsterdam.<\/li>\n<li>Seilacher, A. 2007. Trace fossil analysis. Springer, 226 p. Berl\u00edn-Heidelberg.<\/li>\n<li>Walter, M.R., 1976. Stromatolites. Elsevier, 790 p., Amsterdam.<\/li>\n<li>Schieber et al. 2007. <a href=\"http:\/\/www.shale-mudstone-research-schieber.indiana.edu\/mat-book-2007.htm\" target=\"_blank\" rel=\"noopener noreferrer\">Atlas of microbial mat features preserved within the siliciclastic rock record.<\/a> Atlases in Geoscience series, Elsevier.<\/li>\n<\/ul>\n<div class=\"fusion-clearfix\"><\/div><\/div><\/div><\/div><\/div><div class=\"fusion-fullwidth fullwidth-box fusion-builder-row-1-3 hundred-percent-fullwidth non-hundred-percent-height-scrolling\" style=\"--awb-border-radius-top-left:0px;--awb-border-radius-top-right:0px;--awb-border-radius-bottom-right:0px;--awb-border-radius-bottom-left:0px;--awb-overflow:visible;--awb-margin-top:20px;--awb-margin-bottom:0px;--awb-background-color:rgba(255,255,255,0);--awb-flex-wrap:wrap;\" ><div class=\"fusion-builder-row fusion-row\"><div class=\"fusion-layout-column fusion_builder_column fusion-builder-column-3 fusion_builder_column_1_1 1_1 fusion-one-full fusion-column-first fusion-column-last fusion-column-no-min-height\" style=\"--awb-bg-size:cover;--awb-margin-bottom:0px;\"><div class=\"fusion-column-wrapper fusion-flex-column-wrapper-legacy\"><div class=\"fusion-sep-clear\"><\/div><div class=\"fusion-separator fusion-full-width-sep\" style=\"margin-left: auto;margin-right: auto;width:100%;\"><\/div><div class=\"fusion-sep-clear\"><\/div>\n<h2>\u00a0Otras p\u00e1ginas de la web<\/h2>\n<ul>\n<li>Simulaci\u00f3n de formas de lecho-USGS<\/li>\n<\/ul>\n<div class=\"fusion-clearfix\"><\/div><\/div><\/div><\/div><\/div><\/p>\n<\/div><\/div><div class=\"fusion-clearfix\"><\/div><\/article>\n<\/div><\/div><div class=\"fusion-clearfix\"><\/div><\/div><\/div><\/div><\/div>\n","protected":false},"excerpt":{"rendered":"","protected":false},"author":2,"featured_media":0,"parent":666,"menu_order":6,"comment_status":"open","ping_status":"closed","template":"side-navigation.php","meta":{"footnotes":""},"class_list":["post-716","page","type-page","status-publish","hentry"],"_links":{"self":[{"href":"https:\/\/www.sedimentologia.org.ar\/spa\/wp-json\/wp\/v2\/pages\/716","targetHints":{"allow":["GET"]}}],"collection":[{"href":"https:\/\/www.sedimentologia.org.ar\/spa\/wp-json\/wp\/v2\/pages"}],"about":[{"href":"https:\/\/www.sedimentologia.org.ar\/spa\/wp-json\/wp\/v2\/types\/page"}],"author":[{"embeddable":true,"href":"https:\/\/www.sedimentologia.org.ar\/spa\/wp-json\/wp\/v2\/users\/2"}],"replies":[{"embeddable":true,"href":"https:\/\/www.sedimentologia.org.ar\/spa\/wp-json\/wp\/v2\/comments?post=716"}],"version-history":[{"count":3,"href":"https:\/\/www.sedimentologia.org.ar\/spa\/wp-json\/wp\/v2\/pages\/716\/revisions"}],"predecessor-version":[{"id":1394,"href":"https:\/\/www.sedimentologia.org.ar\/spa\/wp-json\/wp\/v2\/pages\/716\/revisions\/1394"}],"up":[{"embeddable":true,"href":"https:\/\/www.sedimentologia.org.ar\/spa\/wp-json\/wp\/v2\/pages\/666"}],"wp:attachment":[{"href":"https:\/\/www.sedimentologia.org.ar\/spa\/wp-json\/wp\/v2\/media?parent=716"}],"curies":[{"name":"wp","href":"https:\/\/api.w.org\/{rel}","templated":true}]}}