{"id":658,"date":"2015-05-28T18:34:20","date_gmt":"2015-05-28T18:34:20","guid":{"rendered":"http:\/\/sedimentologia.org.ar\/spa\/?page_id=658"},"modified":"2020-11-23T11:27:17","modified_gmt":"2020-11-23T11:27:17","slug":"atlas","status":"publish","type":"page","link":"https:\/\/www.sedimentologia.org.ar\/spa\/atlas-aas\/atlas\/","title":{"rendered":"Indicaciones"},"content":{"rendered":"<h1>Indicaciones<\/h1>\n<p>La Asociaci\u00f3n Argentina de Sedimentolog\u00eda invita a todos los socios y a la comunidad geol\u00f3gica a participar de la construcci\u00f3n de Atlas-AAS, cuyo objetivo es la generaci\u00f3n de un \u00e1mbito de discusi\u00f3n, as\u00ed como una base de datos fotogr\u00e1ficos con fines educativos.<br \/>\n<div class=\"fusion-fullwidth fullwidth-box fusion-builder-row-1 hundred-percent-fullwidth non-hundred-percent-height-scrolling\" style=\"--awb-border-radius-top-left:0px;--awb-border-radius-top-right:0px;--awb-border-radius-bottom-right:0px;--awb-border-radius-bottom-left:0px;--awb-overflow:visible;--awb-margin-top:20px;--awb-margin-bottom:0px;--awb-background-color:rgba(255,255,255,0);--awb-flex-wrap:wrap;\" ><div class=\"fusion-builder-row fusion-row\"><div class=\"fusion-layout-column fusion_builder_column fusion-builder-column-0 fusion_builder_column_1_1 1_1 fusion-one-full fusion-column-first fusion-column-last fusion-column-no-min-height\" style=\"--awb-bg-size:cover;--awb-margin-bottom:0px;\"><div class=\"fusion-column-wrapper fusion-flex-column-wrapper-legacy\"><div class=\"fusion-sep-clear\"><\/div><div class=\"fusion-separator fusion-full-width-sep\" style=\"margin-left: auto;margin-right: auto;width:100%;\"><\/div><div class=\"fusion-sep-clear\"><\/div>\n<h2>Objetivos<\/h2>\n<p>Atlas-AAS tiene como objetivo la generaci\u00f3n de un \u00e1mbito de discusi\u00f3n donde los estudiantes, docentes e investigadores puedan discutir estructuras controvertidas o consultar sobre ejemplos propios de dif\u00edcil asignaci\u00f3n.<br \/>\nLos alumnos que se inician en los estudios sedimentol\u00f3gicos de las carreras de geolog\u00eda, encontrar\u00e1n adem\u00e1s una breve explicaci\u00f3n de las distintas estructuras sedimentarias, as\u00ed como referencias a trabajos clave para ampliar.<\/p>\n<p><strong><span style=\"color: #000000;\">Todas las discusiones y consultas podr\u00e1n ser comentadas por los visitantes con el fin de enriquecerlas y de aportar al intercambio de ideas. Los comentarios deber\u00e1n ser aprobados por el moderador del blog, por lo que pueden tardar algunas horas en aparecer.<br \/>\n<\/span><\/strong><div class=\"fusion-clearfix\"><\/div><\/div><\/div><\/div><\/div><div class=\"fusion-fullwidth fullwidth-box fusion-builder-row-2 hundred-percent-fullwidth non-hundred-percent-height-scrolling\" style=\"--awb-border-radius-top-left:0px;--awb-border-radius-top-right:0px;--awb-border-radius-bottom-right:0px;--awb-border-radius-bottom-left:0px;--awb-overflow:visible;--awb-margin-top:20px;--awb-margin-bottom:0px;--awb-background-color:rgba(255,255,255,0);--awb-flex-wrap:wrap;\" ><div class=\"fusion-builder-row fusion-row\"><div class=\"fusion-layout-column fusion_builder_column fusion-builder-column-1 fusion_builder_column_1_1 1_1 fusion-one-full fusion-column-first fusion-column-last fusion-column-no-min-height\" style=\"--awb-bg-size:cover;--awb-margin-bottom:0px;\"><div class=\"fusion-column-wrapper fusion-flex-column-wrapper-legacy\"><div class=\"fusion-sep-clear\"><\/div><div class=\"fusion-separator fusion-full-width-sep\" style=\"margin-left: auto;margin-right: auto;width:100%;\"><\/div><div class=\"fusion-sep-clear\"><\/div>\n<h2>Env\u00edo de fotograf\u00edas<\/h2>\n<p>Deber\u00e1n enviarse fotograf\u00edas color de buena resoluci\u00f3n a atlasaas@gmail.com. Las fotograf\u00edas deben estar acompa\u00f1adas de una breve descripci\u00f3n de la estructura sedimentaria, procedencia geogr\u00e1fica, edad y nombre del autor. Todas las fotograf\u00edas tendr\u00e1n en el margen inferior derecho el nombre del autor, salvo a expl\u00edcita indicaci\u00f3n del mismo.<div class=\"fusion-clearfix\"><\/div><\/div><\/div><\/div><\/div><div class=\"fusion-fullwidth fullwidth-box fusion-builder-row-3 hundred-percent-fullwidth non-hundred-percent-height-scrolling\" style=\"--awb-border-radius-top-left:0px;--awb-border-radius-top-right:0px;--awb-border-radius-bottom-right:0px;--awb-border-radius-bottom-left:0px;--awb-overflow:visible;--awb-margin-top:20px;--awb-margin-bottom:0px;--awb-background-color:rgba(255,255,255,0);--awb-flex-wrap:wrap;\" ><div class=\"fusion-builder-row fusion-row\"><div class=\"fusion-layout-column fusion_builder_column fusion-builder-column-2 fusion_builder_column_1_1 1_1 fusion-one-full fusion-column-first fusion-column-last fusion-column-no-min-height\" style=\"--awb-bg-size:cover;--awb-margin-bottom:0px;\"><div class=\"fusion-column-wrapper fusion-flex-column-wrapper-legacy\"><div class=\"fusion-sep-clear\"><\/div><div class=\"fusion-separator fusion-full-width-sep\" style=\"margin-left: auto;margin-right: auto;width:100%;\"><\/div><div class=\"fusion-sep-clear\"><\/div>\n<h2>Env\u00edo de discusiones<\/h2>\n<p>Las discusiones aparecer\u00e1n por orden cronol\u00f3gico en la p\u00e1gina principal. Deber\u00e1n enviarse a atlasaas@gmail.com en un archivo Word. En caso que corresponda se podr\u00e1n adjuntar adem\u00e1s fotograf\u00edas color de buena resoluci\u00f3n para ilustrar la discusi\u00f3n.<div class=\"fusion-clearfix\"><\/div><\/div><\/div><\/div><\/div><div class=\"fusion-fullwidth fullwidth-box fusion-builder-row-4 hundred-percent-fullwidth non-hundred-percent-height-scrolling\" style=\"--awb-border-radius-top-left:0px;--awb-border-radius-top-right:0px;--awb-border-radius-bottom-right:0px;--awb-border-radius-bottom-left:0px;--awb-overflow:visible;--awb-margin-top:20px;--awb-margin-bottom:0px;--awb-background-color:rgba(255,255,255,0);--awb-flex-wrap:wrap;\" ><div class=\"fusion-builder-row fusion-row\"><div class=\"fusion-layout-column fusion_builder_column fusion-builder-column-3 fusion_builder_column_1_1 1_1 fusion-one-full fusion-column-first fusion-column-last fusion-column-no-min-height\" style=\"--awb-bg-size:cover;--awb-margin-bottom:0px;\"><div class=\"fusion-column-wrapper fusion-flex-column-wrapper-legacy\"><div class=\"fusion-sep-clear\"><\/div><div class=\"fusion-separator fusion-full-width-sep\" style=\"margin-left: auto;margin-right: auto;width:100%;\"><\/div><div class=\"fusion-sep-clear\"><\/div>\n<h2>Env\u00edo de consultas<\/h2>\n<p>Las consultas aparecer\u00e1n junto con las discusiones en la p\u00e1gina principal. Deber\u00e1n enviarse a atlasaas@gmail.com en un archivo Word con una breve descripci\u00f3n, procedencia y edad, junto con 1 fotograf\u00eda color de buena resoluci\u00f3n. En caso que sea necesario podr\u00e1n ser enviadas un mayor n\u00famero de fotograf\u00edas.<\/p>\n<p>Esperamos su participaci\u00f3n.<\/p>\n<p><strong><span style=\"color: #000000;\">Comisi\u00f3n Directiva<\/span><\/strong><br \/>\n<strong><span style=\"color: #000000;\"> Asociaci\u00f3n Argentina de Sedimentolog\u00eda<\/span><\/strong><div class=\"fusion-clearfix\"><\/div><\/div><\/div><\/div><\/div><\/p>\n","protected":false},"excerpt":{"rendered":"<p>Indicaciones La Asociaci\u00f3n Argentina de Sedimentolog\u00eda invita a todos los socios y a la comunidad geol\u00f3gica a participar de la construcci\u00f3n de Atlas-AAS, cuyo objetivo es la generaci\u00f3n de un \u00e1mbito de discusi\u00f3n, as\u00ed como una base de datos fotogr\u00e1ficos con fines educativos.<\/p>\n","protected":false},"author":2,"featured_media":0,"parent":666,"menu_order":0,"comment_status":"open","ping_status":"open","template":"side-navigation.php","meta":{"footnotes":""},"class_list":["post-658","page","type-page","status-publish","hentry"],"_links":{"self":[{"href":"https:\/\/www.sedimentologia.org.ar\/spa\/wp-json\/wp\/v2\/pages\/658","targetHints":{"allow":["GET"]}}],"collection":[{"href":"https:\/\/www.sedimentologia.org.ar\/spa\/wp-json\/wp\/v2\/pages"}],"about":[{"href":"https:\/\/www.sedimentologia.org.ar\/spa\/wp-json\/wp\/v2\/types\/page"}],"author":[{"embeddable":true,"href":"https:\/\/www.sedimentologia.org.ar\/spa\/wp-json\/wp\/v2\/users\/2"}],"replies":[{"embeddable":true,"href":"https:\/\/www.sedimentologia.org.ar\/spa\/wp-json\/wp\/v2\/comments?post=658"}],"version-history":[{"count":6,"href":"https:\/\/www.sedimentologia.org.ar\/spa\/wp-json\/wp\/v2\/pages\/658\/revisions"}],"predecessor-version":[{"id":1401,"href":"https:\/\/www.sedimentologia.org.ar\/spa\/wp-json\/wp\/v2\/pages\/658\/revisions\/1401"}],"up":[{"embeddable":true,"href":"https:\/\/www.sedimentologia.org.ar\/spa\/wp-json\/wp\/v2\/pages\/666"}],"wp:attachment":[{"href":"https:\/\/www.sedimentologia.org.ar\/spa\/wp-json\/wp\/v2\/media?parent=658"}],"curies":[{"name":"wp","href":"https:\/\/api.w.org\/{rel}","templated":true}]}}