{"id":315,"date":"2015-05-14T12:18:41","date_gmt":"2015-05-14T12:18:41","guid":{"rendered":"http:\/\/sedimentologia.org.ar\/spa\/?page_id=315"},"modified":"2020-11-23T11:27:20","modified_gmt":"2020-11-23T11:27:20","slug":"acta-fundacional","status":"publish","type":"page","link":"https:\/\/www.sedimentologia.org.ar\/spa\/acta-fundacional\/","title":{"rendered":"Acta Fundacional"},"content":{"rendered":"<div class=\"fusion-fullwidth fullwidth-box fusion-builder-row-1 hundred-percent-fullwidth non-hundred-percent-height-scrolling\" style=\"--awb-border-radius-top-left:0px;--awb-border-radius-top-right:0px;--awb-border-radius-bottom-right:0px;--awb-border-radius-bottom-left:0px;--awb-overflow:visible;--awb-flex-wrap:wrap;\" ><div class=\"fusion-builder-row fusion-row\"><div class=\"fusion-layout-column fusion_builder_column fusion-builder-column-0 fusion_builder_column_3_4 3_4 fusion-three-fourth fusion-column-first\" style=\"--awb-bg-size:cover;width:74%; margin-right: 4%;\"><div class=\"fusion-column-wrapper fusion-flex-column-wrapper-legacy\"><div class=\"fusion-title title fusion-title-1 fusion-sep-none fusion-title-text fusion-title-size-one\"><h1 class=\"fusion-title-heading title-heading-left\" style=\"margin:0;\">Acta Fundacional<\/h1><\/div><div class=\"fusion-text fusion-text-1\"><h3>Junio de 1993 &#8211; Ciudad de La Plata<\/h3>\n<p>En la Ciudad de La Plata, a las 14 hs. del d\u00eda 8 de junio de 1993, se re\u00fanen los Doctores: Eugenio Arag\u00f3n, Adriana Blassi, Alberto Caselli, Gualter Chebli, Anal\u00eda del Valle, Adri\u00e1n I\u00f1iguez Rodriguez, Carlos O. Limarino, Gabriela Lo Forte, Mario Mazzoni, Julio Merodio, Sergio Matheos, Pablo Pazos, Daniel Poir\u00e9\u201a Roberto Scasso, Santiago Stura y Luis Spalletti, con el objeto de constituir una sociedad civil sin fines de lucro a la que proponen llamar Asociaci\u00f3n Argentina de Sedimentolog\u00eda.<\/p>\n<p>Son los prop\u00f3sitos de esta entidad propender al progreso de la sedimentolog\u00eda en nuestro pa\u00eds, mediante: a. el incentivo del intercambio de ideas, estimulando las investigaciones cient\u00edficas y tecnol\u00f3gicas, b.la organizaci\u00f3n de reuniones cient\u00edficas y cursos que favorezcan la transferencia de conocimientos, la interacci\u00f3n profesional y la conformaci\u00f3n de grupos de trabajo, c. la publicaci\u00f3n de una revista, \u00f3rgano oficial de la Asociaci\u00f3n, en la cual aparecer\u00e1n trabajos y comunicaciones cient\u00edficos, comentarios bibliogr\u00e1ficos e informaci\u00f3n relacionada con reuniones a realizarse en el pa\u00eds y el extranjero.<\/p>\n<p>Para cumplir con estos objetivos las personas mencionadas proponen y aprueban el estatuto que se transcribe a continuaci\u00f3n de esta Acta. Acto seguido se procede a la elecci\u00f3n de los miembros de la Comisi\u00f3n Directiva y del Organo de Fiscalizaci\u00f3n, las que quedan conformadas de la siguiente forma:<\/p>\n<\/div><div class=\"fusion-sep-clear\"><\/div><div class=\"fusion-separator fusion-full-width-sep\" style=\"margin-left: auto;margin-right: auto;margin-top:20px;width:100%;\"><\/div><div class=\"fusion-sep-clear\"><\/div><div class=\"fusion-title title fusion-title-2 fusion-sep-none fusion-title-text fusion-title-size-three\"><h3 class=\"fusion-title-heading title-heading-left\" style=\"margin:0;\">COMISI\u00d3N DIRECTIVA<\/h3><\/div><ul style=\"--awb-size:13px;--awb-line-height:22.1px;--awb-icon-width:22.1px;--awb-icon-height:22.1px;--awb-icon-margin:9.1px;--awb-content-margin:31.2px;--awb-circlecolor:#a0ce4e;--awb-circle-yes-font-size:11.44px;\" class=\"fusion-checklist fusion-checklist-1 fusion-checklist-default type-icons\"><li class=\"fusion-li-item\" style=\"\"><span class=\"icon-wrapper circle-yes\"><i class=\"fusion-li-icon fa fa-check\" aria-hidden=\"true\"><\/i><\/span><div class=\"fusion-li-item-content\"><span style=\"color: #000000;\"><strong>Presidente:<\/strong> <\/span>Dr. Luis Antonio Spalletti<\/div><\/li><li class=\"fusion-li-item\" style=\"\"><span class=\"icon-wrapper circle-yes\"><i class=\"fusion-li-icon fa fa-check\" aria-hidden=\"true\"><\/i><\/span><div class=\"fusion-li-item-content\"><span style=\"color: #000000;\"><strong>Vicepresidente:<\/strong> <\/span>Dr. Sergio Matheos<\/div><\/li><li class=\"fusion-li-item\" style=\"\"><span class=\"icon-wrapper circle-yes\"><i class=\"fusion-li-icon fa fa-check\" aria-hidden=\"true\"><\/i><\/span><div class=\"fusion-li-item-content\"><span style=\"color: #000000;\"><strong>Secretario:<\/strong><\/span> Dr. Carlos Oscar Limarino<\/div><\/li><li class=\"fusion-li-item\" style=\"\"><span class=\"icon-wrapper circle-yes\"><i class=\"fusion-li-icon fa fa-check\" aria-hidden=\"true\"><\/i><\/span><div class=\"fusion-li-item-content\"><strong><span style=\"color: #000000;\">Tesorero:<\/span><\/strong> Dr. Julio Merodio<\/div><\/li><li class=\"fusion-li-item\" style=\"\"><span class=\"icon-wrapper circle-yes\"><i class=\"fusion-li-icon fa fa-check\" aria-hidden=\"true\"><\/i><\/span><div class=\"fusion-li-item-content\"><strong><span style=\"color: #000000;\">Vocal:<\/span> <\/strong>Dr. Luis Scasso<\/div><\/li><li class=\"fusion-li-item\" style=\"\"><span class=\"icon-wrapper circle-yes\"><i class=\"fusion-li-icon fa fa-check\" aria-hidden=\"true\"><\/i><\/span><div class=\"fusion-li-item-content\"><strong><span style=\"color: #000000;\">Vocal:<\/span> <\/strong>Dr. Daniel Poir\u00e9<\/div><\/li><li class=\"fusion-li-item\" style=\"\"><span class=\"icon-wrapper circle-yes\"><i class=\"fusion-li-icon fa fa-check\" aria-hidden=\"true\"><\/i><\/span><div class=\"fusion-li-item-content\"><span style=\"color: #000000;\"><strong>1er Vocal suplente:<\/strong> <\/span>Lic. Alberto Caselli<\/div><\/li><li class=\"fusion-li-item\" style=\"\"><span class=\"icon-wrapper circle-yes\"><i class=\"fusion-li-icon fa fa-check\" aria-hidden=\"true\"><\/i><\/span><div class=\"fusion-li-item-content\"><span style=\"color: #000000;\"><strong>2do Vocal suplente:<\/strong><\/span> Dra. Gabriela Lo Forte<\/div><\/li><\/ul><div class=\"fusion-sep-clear\"><\/div><div class=\"fusion-separator fusion-full-width-sep\" style=\"margin-left: auto;margin-right: auto;margin-top:35px;width:100%;\"><\/div><div class=\"fusion-sep-clear\"><\/div><div class=\"fusion-title title fusion-title-3 fusion-sep-none fusion-title-text fusion-title-size-three\"><h3 class=\"fusion-title-heading title-heading-left\" style=\"margin:0;\">\u00d3RGANO DE FISCALIZACI\u00d3N<\/h3><\/div><ul style=\"--awb-size:13px;--awb-line-height:22.1px;--awb-icon-width:22.1px;--awb-icon-height:22.1px;--awb-icon-margin:9.1px;--awb-content-margin:31.2px;--awb-circlecolor:#a0ce4e;--awb-circle-yes-font-size:11.44px;\" class=\"fusion-checklist fusion-checklist-2 fusion-checklist-default type-icons\"><li class=\"fusion-li-item\" style=\"\"><span class=\"icon-wrapper circle-yes\"><i class=\"fusion-li-icon fa fa-check\" aria-hidden=\"true\"><\/i><\/span><div class=\"fusion-li-item-content\"><strong><span style=\"color: #000000;\">Miembro Titular:<\/span> <\/strong>Dr. Mario I\u00f1iguez Rodriguez<\/div><\/li><li class=\"fusion-li-item\" style=\"\"><span class=\"icon-wrapper circle-yes\"><i class=\"fusion-li-icon fa fa-check\" aria-hidden=\"true\"><\/i><\/span><div class=\"fusion-li-item-content\"><strong><span style=\"color: #000000;\">Miembro Titular:<\/span> <\/strong>Dr. Mario Mazzoni<\/div><\/li><li class=\"fusion-li-item\" style=\"\"><span class=\"icon-wrapper circle-yes\"><i class=\"fusion-li-icon fa fa-check\" aria-hidden=\"true\"><\/i><\/span><div class=\"fusion-li-item-content\"><strong><span style=\"color: #000000;\">Miembro Suplente:<\/span><\/strong> Dr. Gualter Chebli<\/div><\/li><\/ul><div class=\"fusion-sep-clear\"><\/div><div class=\"fusion-separator fusion-full-width-sep\" style=\"margin-left: auto;margin-right: auto;margin-top:20px;width:100%;\"><\/div><div class=\"fusion-sep-clear\"><\/div><div class=\"fusion-text fusion-text-2\"><p>Las personas arriba citadas se desempe\u00f1an en los cargos para los que han sido electos por el t\u00e9rmino de dos a\u00f1os, de acuerdo con lo se\u00f1alado en el art\u00edculo 10 del Estatuto de la Asociaci\u00f3n. Se decide adem\u00e1s solicitar a la Inspecci\u00f3n General de Justicia la autorizaci\u00f3n para funcionar como persona jur\u00eddica, facultando al Secretario de la Asociaci\u00f3n, Dr. Carlos O. Limarino y en su reemplazo, al Presidente Dr. Luis Spalletti, a realizar las gestiones necesarias en tal sentido, facult\u00e1ndolo para aceptar las modificaciones al estatuto que aconseje la Inspecci\u00f3nGeneral de Justicia. Finalmente, se fija la sede social en el Centro de Investigaciones Geol\u00f3gicas, cito en la calle 1 n\u00famero 644 de la ciudad de La Plata. Sin otro asunto que tratar y siendo las 17 hs. se da por terminado el acto fundacional.<\/p>\n<\/div><div class=\"fusion-clearfix\"><\/div><\/div><\/div><\/div><\/div>\n","protected":false},"excerpt":{"rendered":"","protected":false},"author":2,"featured_media":0,"parent":0,"menu_order":0,"comment_status":"open","ping_status":"open","template":"","meta":{"footnotes":""},"class_list":["post-315","page","type-page","status-publish","hentry"],"_links":{"self":[{"href":"https:\/\/www.sedimentologia.org.ar\/spa\/wp-json\/wp\/v2\/pages\/315","targetHints":{"allow":["GET"]}}],"collection":[{"href":"https:\/\/www.sedimentologia.org.ar\/spa\/wp-json\/wp\/v2\/pages"}],"about":[{"href":"https:\/\/www.sedimentologia.org.ar\/spa\/wp-json\/wp\/v2\/types\/page"}],"author":[{"embeddable":true,"href":"https:\/\/www.sedimentologia.org.ar\/spa\/wp-json\/wp\/v2\/users\/2"}],"replies":[{"embeddable":true,"href":"https:\/\/www.sedimentologia.org.ar\/spa\/wp-json\/wp\/v2\/comments?post=315"}],"version-history":[{"count":14,"href":"https:\/\/www.sedimentologia.org.ar\/spa\/wp-json\/wp\/v2\/pages\/315\/revisions"}],"predecessor-version":[{"id":1411,"href":"https:\/\/www.sedimentologia.org.ar\/spa\/wp-json\/wp\/v2\/pages\/315\/revisions\/1411"}],"wp:attachment":[{"href":"https:\/\/www.sedimentologia.org.ar\/spa\/wp-json\/wp\/v2\/media?parent=315"}],"curies":[{"name":"wp","href":"https:\/\/api.w.org\/{rel}","templated":true}]}}